Report NOAA

NOAA Scegli:

                            MONTHLY CLIMATOLOGICAL SUMMARY for NOV. 2017

NAME: Meteo Levico Terme   CITY: Levico Terme STATE: Italy
ELEV: 1372 LAT: N 46:00.577 LONG: E011:18.871

                            TEMPERATURE ( °C), RAIN (mm), WIND SPEED (kmh)

                                               HEAT     COOL           AVG
      MEAN                                     DEG      DEG            WIND                       DOM
DAY   TEMP    HIGH   TIME     LOW    TIME      DAYS     DAYS    RAIN   SPEED    HIGH    TIME      DIR
----------------------------------------------------------------------------------------------------------------------------------------------------------
01    06.3    15.4   14:08    00.9   07:56     12.0     00.0    00.0   00.0     07.4    14:20      W 
02    05.9    11.2   14:55    02.1   07:09     12.4     00.0    00.0   00.0     01.9    08:05      NW
03    07.6    15.6   14:04    02.0   08:48     10.7     00.0    00.0   00.1     20.4    16:29      NE
04    07.4    11.9   13:21    03.6   04:23     10.9     00.0    00.0   00.0     03.7    13:33      W 
05    08.8    10.5   10:33    05.0   00:00     09.5     00.0    60.4   02.7     40.7    12:09     ESE
06    05.3    08.1   15:37    04.1   21:51     13.0     00.0    19.8   00.0     18.5    10:22      N 
07    05.9    07.5   15:53    04.4   05:42     12.4     00.0    06.5   01.7     33.3    19:34      E 
08    05.4    09.8   15:29    02.1   04:46     12.9     00.0    00.0   00.0     05.5    13:23     NNE
09    07.4    12.4   14:56    04.9   21:17     10.9     00.0    00.5   00.0     05.5    10:43      W 
10    06.4    11.5   12:35    02.7   00:00     11.9     00.0    00.0   00.0     11.1    17:13      W 
11    04.1    09.1   14:43    00.3   07:26     14.2     00.0    00.0   00.0     14.8    15:18      NW
12    06.1    10.6   12:28    03.6   09:09     12.2     00.0    06.6   09.0     44.4    16:27      E 
13    05.4    07.2   16:11    03.1   04:21     12.9     00.0    05.7   04.4     42.5    21:26     NNW
14    06.4    12.8   13:44    00.3   00:00     11.9     00.0    00.0   00.2     22.2    00:11      NW
15    03.9    11.6   14:52   -01.4   07:00     14.4     00.0    00.0   00.0     05.5    13:13      W 
16    06.3    13.7   13:51    01.9   00:00     12.0     00.0    00.0   00.0     14.8    11:48      W 
17    04.0    11.3   15:18    00.5   08:12     14.3     00.0    00.0   00.0     09.3    05:29     WNW
18    03.2    11.5   14:01   -00.6   07:41     15.1     00.0    00.0   00.0     03.7    11:37      NW
19    04.0    11.2   13:46   -01.9   06:46     14.3     00.0    00.0   00.6     50.0    22:20      W 
20    03.1    11.1   13:28   -01.4   08:55     15.2     00.0    00.0   00.1     18.5    13:29     WNW
21    01.6    07.9   14:40   -02.4   05:39     16.7     00.0    00.0   00.0     12.9    14:50      NE
22    02.1    08.9   15:25   -01.4   05:53     16.2     00.0    00.0   00.0     11.1    13:19     WNW
23    02.4    06.9   14:06    00.6   03:36     15.9     00.0    00.0   00.0     05.5    14:06     NNE
----------------------------------------------------------------------------------------------------------------------------------------------------------
05.2 (6.1)   15.6  day 03    -02.4  day 21   301.8    000.0   099.4   00.8     50.0   day 12     N
Min <=   30: 23
Max Rain: 60.4 ON 5-11-17
Days of Rain: 6 (> .2mm) 5 (> 2mm) 1 (> 20mm)