Report NOAA

NOAA Scegli:

                            MONTHLY CLIMATOLOGICAL SUMMARY for JUN. 2018

NAME: Meteo Levico Terme   CITY: Levico Terme STATE: Italy
ELEV: 1372 LAT: N 46:00.577 LONG: E011:18.871

                            TEMPERATURE ( °C), RAIN (mm), WIND SPEED (kmh)

                                               HEAT     COOL           AVG
      MEAN                                     DEG      DEG            WIND                       DOM
DAY   TEMP    HIGH   TIME     LOW    TIME      DAYS     DAYS    RAIN   SPEED    HIGH    TIME      DIR
----------------------------------------------------------------------------------------------------------------------------------------------------------
01    19.7    25.6   11:38    14.3   06:05     00.0     01.4    00.2   00.2     29.6    13:28      E 
02    19.3    27.1   13:04    13.9   06:12     00.0     01.0    00.2   02.3     46.3    16:57     ESE
03    19.6    27.1   15:43    12.8   06:19     00.0     01.3    00.2   00.1     24.1    17:22     SSW
04    17.5    22.5   10:20    14.1   00:00     00.8     00.0    05.0   00.1     18.5    16:08      S 
05    19.0    28.8   15:26    13.6   01:50     00.0     00.7    00.0   02.7     44.4    18:14     ESE
06    19.2    25.1   12:33    12.9   06:24     00.0     00.9    00.7   00.3     25.9    12:59      E 
07    18.2    21.5   16:38    15.9   23:56     00.1     00.0    11.2   03.3     25.9    16:39      E 
08    18.2    24.0   17:48    14.1   05:20     00.1     00.0    21.2   02.5     42.5    09:14      E 
09    20.6    28.2   16:48    13.2   06:17     00.0     02.3    00.0   00.6     20.4    15:06     SSW
10    22.5    30.1   13:38    14.6   06:13     00.0     04.2    00.0   00.5     24.1    19:33      SE
11    23.3    29.9   16:17    18.0   06:15     00.0     05.0    00.0   03.8     37.0    16:17      E 
12    18.1    20.0   09:36    16.1   23:32     00.2     00.0    32.4   03.0     25.9    19:39      E 
13    17.4    23.4   14:38    15.2   06:15     00.9     00.0    03.6   00.6     24.1    14:47      W 
14    19.6    25.9   14:37    14.1   06:21     00.0     01.3    00.0   01.0     31.4    20:04      SE
15    20.2    28.9   14:25    12.3   06:06     00.0     01.9    00.0   02.0     37.0    16:17      S 
16    20.7    28.7   14:32    12.9   06:09     00.0     02.4    00.0   00.4     27.8    19:09      SE
17    22.2    31.9   14:15    14.3   06:22     00.0     03.9    00.2   00.4     29.6    15:37     SSE
18    20.6    27.7   13:51    15.6   06:06     00.0     02.3    05.7   00.9     29.6    14:35      E 
19    22.0    30.8   14:47    13.7   06:11     00.0     03.7    00.0   00.6     33.3    16:20     SSW
20    23.7    30.7   14:13    18.2   06:08     00.0     05.4    00.0   00.2     20.4    18:23      SE
----------------------------------------------------------------------------------------------------------------------------------------------------------
20.1 (20.7)   31.9  day 17     12.3  day 15   002.2    037.7   081.1   01.3     46.3   day 02     ESE
Max >=  30: 4
Min <=   30: 20
Max Rain: 32.4 ON 12-06-18
Days of Rain: 11 (> .2mm) 6 (> 2mm) 2 (> 20mm)