Report NOAA

NOAA Scegli:

                            MONTHLY CLIMATOLOGICAL SUMMARY for FEB. 2018

NAME: Meteo Levico Terme   CITY: Levico Terme STATE: Italy
ELEV: 1372 LAT: N 46:00.577 LONG: E011:18.871

                            TEMPERATURE ( °C), RAIN (mm), WIND SPEED (kmh)

                                               HEAT     COOL           AVG
      MEAN                                     DEG      DEG            WIND                       DOM
DAY   TEMP    HIGH   TIME     LOW    TIME      DAYS     DAYS    RAIN   SPEED    HIGH    TIME      DIR
----------------------------------------------------------------------------------------------------------------------------------------------------------
01    03.0    03.8   14:44    02.5   05:18     15.3     00.0    08.6   12.6     35.1    10:37      E 
02    02.5    05.7   15:03    00.7   23:16     15.8     00.0    02.3   00.1     18.5    01:19     WNW
03    01.9    06.5   14:48    00.2   00:00     16.4     00.0    00.5   00.0     24.1    16:37      NE
04    00.1    06.5   14:25   -03.7   08:08     18.2     00.0    00.0   00.0     05.5    20:27      W 
05    01.2    05.6   16:00   -01.3   00:00     17.1     00.0    00.0   00.0     05.5    15:24     WSW
06    00.7    03.7   15:27   -01.6   01:08     17.6     00.0    01.0   00.0     03.7    12:03      W 
07    01.8    05.6   14:25   -00.1   06:20     16.5     00.0    05.8   00.0     05.5    13:42      W 
08    03.9    08.2   14:35    01.0   07:39     14.4     00.0    03.3   00.0     14.8    16:12     WSW
09    03.6    06.9   15:50    02.5   07:53     14.7     00.0    00.0   00.0     07.4    22:37      SW
10    04.0    11.9   15:30   -00.9   00:00     14.3     00.0    00.0   00.5     29.6    16:32      E 
11    00.9    08.8   15:20   -03.9   08:21     17.4     00.0    00.0   00.4     22.2    12:54      W 
12    00.7    03.5   15:54   -01.4   00:19     17.6     00.0    00.3   00.2     18.5    23:52      E 
13    01.7    07.6   14:03   -02.7   00:00     16.6     00.0    00.0   00.3     25.9    00:29      NW
14   -00.7    07.0   14:51   -05.5   06:57     19.0     00.0    00.0   00.0     11.1    12:57     WNW
15   -01.4    05.6   15:32   -05.7   05:10     19.7     00.0    00.0   00.3     20.4    14:56     WNW
16    00.5    07.9   15:00   -04.3   07:33     17.8     00.0    00.0   00.0     14.8    18:33     NNE
17    02.5    08.0   15:33   -03.1   07:31     15.8     00.0    00.0   00.0     11.1    18:20      W 
18    02.6    04.4   13:58    01.1   08:26     15.7     00.0    04.1   01.3     22.2    17:10     ESE
19    02.2    04.2   12:35    00.9   07:32     16.1     00.0    00.0   00.0     05.5    13:51      E 
20    02.4    06.4   14:07    00.0   06:34     15.9     00.0    00.0   01.9     33.3    16:23      E 
21    03.1    10.6   15:01   -01.4   07:57     15.2     00.0    00.0   00.0     18.5    18:49     ENE
22    01.9    03.8   15:33    00.6   10:23     16.4     00.0    03.0   02.1     31.4    19:52      E 
23    03.2    07.3   15:59    00.7   08:04     15.1     00.0    01.0   00.1     18.5    20:37      E 
24    06.2    11.7   13:33    02.6   07:51     12.1     00.0    01.0   00.5     27.8    21:06     SSE
----------------------------------------------------------------------------------------------------------------------------------------------------------
02.0 (2.9)   11.9  day 10    -05.7  day 15   390.6    000.0   030.9   00.8     35.2   day 01      E 
Min <=   30: 24
Min <=  -5: 2
Max Rain: 8.6 ON 1-02-18
Days of Rain: 11 (> .2mm) 6 (> 2mm) 0 (> 20mm)