Report NOAA

NOAA Scegli:

                            MONTHLY CLIMATOLOGICAL SUMMARY for OCT. 2018

NAME: Meteo Levico Terme   CITY: Levico Terme STATE: Italy
ELEV: 1372 LAT: N 46:00.577 LONG: E011:18.871

                            TEMPERATURE ( °C), RAIN (mm), WIND SPEED (kmh)

                                               HEAT     COOL           AVG
      MEAN                                     DEG      DEG            WIND                       DOM
DAY   TEMP    HIGH   TIME     LOW    TIME      DAYS     DAYS    RAIN   SPEED    HIGH    TIME      DIR
----------------------------------------------------------------------------------------------------------------------------------------------------------
01    09.1    10.6   15:52    07.5   03:56     09.2     00.0    19.3   00.0     12.9    16:07      E 
02    11.5    20.6   15:11    05.0   08:21     06.8     00.0    00.0   00.2     18.5    18:10     NNE
03    11.9    19.5   15:14    05.3   07:40     06.4     00.0    00.0   00.3     18.5    17:31     ENE
04    12.8    20.7   15:10    06.2   08:02     05.5     00.0    00.0   00.0     12.9    14:29     NNE
05    13.0    21.1   14:56    06.3   08:19     05.3     00.0    00.0   00.0     12.9    17:02     ENE
06    13.0    16.0   12:49    11.2   08:28     05.3     00.0    03.3   00.1     20.4    17:59     ESE
07    15.2    20.0   12:13    12.2   07:51     03.1     00.0    00.0   00.0     12.9    13:13     SSW
08    15.2    19.6   12:58    11.8   01:05     03.1     00.0    00.0   00.0     03.7    13:20      W 
09    15.5    20.7   15:14    11.8   03:24     02.8     00.0    00.0   00.0     11.1    13:28      NE
10    13.8    21.1   16:21    09.1   07:31     04.5     00.0    00.0   00.0     14.8    17:07      NE
11    13.4    19.5   16:15    08.1   08:15     04.9     00.0    00.0   00.0     11.1    16:35      E 
12    15.4    22.5   14:49    10.4   08:03     02.9     00.0    00.0   00.0     18.5    15:22      W 
13    14.1    21.5   14:45    08.7   07:38     04.2     00.0    00.0   00.0     11.1    14:29      NE
14    13.3    20.1   15:44    06.9   08:15     05.0     00.0    00.0   00.3     20.4    15:03     ENE
15    13.2    18.7   16:50    09.5   08:46     05.1     00.0    00.0   00.7     24.1    17:10      E 
16    11.7    16.4   15:41    08.3   07:00     06.6     00.0    00.0   00.0     20.4    18:00      E 
17    12.4    16.1   15:22    08.6   08:15     05.9     00.0    00.0   00.0     18.5    15:30     WNW
----------------------------------------------------------------------------------------------------------------------------------------------------------
13.2 (13.9)   22.5  day 12     05.0  day 02   086.7    000.0   022.6   00.1     24.1   day 14     ENE
Min <=   30: 17
Max Rain: 19.3 ON 1-10-18
Days of Rain: 2 (> .2mm) 2 (> 2mm) 0 (> 20mm)