Report NOAA

NOAA Scegli:

                            MONTHLY CLIMATOLOGICAL SUMMARY for AUG. 2018

NAME: Meteo Levico Terme   CITY: Levico Terme STATE: Italy
ELEV: 1372 LAT: N 46:00.577 LONG: E011:18.871

                            TEMPERATURE ( °C), RAIN (mm), WIND SPEED (kmh)

                                               HEAT     COOL           AVG
      MEAN                                     DEG      DEG            WIND                       DOM
DAY   TEMP    HIGH   TIME     LOW    TIME      DAYS     DAYS    RAIN   SPEED    HIGH    TIME      DIR
----------------------------------------------------------------------------------------------------------------------------------------------------------
01    24.8    32.2   15:01    18.1   06:42     00.0     06.5    00.0   00.4     25.9    15:50     ESE
02    22.6    29.0   17:49    18.6   07:17     00.0     04.3    05.8   01.0     50.0    19:36     ESE
03    24.4    31.6   17:34    18.1   06:04     00.0     06.1    02.9   00.1     25.9    22:02     SSE
04    23.7    30.9   13:51    18.1   06:14     00.0     05.4    03.1   00.4     25.9    17:50     ESE
05    24.6    31.7   17:15    19.2   06:49     00.0     06.3    00.0   01.2     38.9    18:45     ESE
06    23.7    29.3   12:28    19.9   06:59     00.0     05.4    00.0   00.4     24.1    16:01     SSE
07    23.9    30.9   15:15    16.7   06:45     00.0     05.6    00.0   00.2     18.5    22:30      S 
08    23.1    29.8   13:31    18.3   06:54     00.0     04.8    00.5   01.4     38.9    15:07     ESE
09    20.1    25.6   13:50    15.7   06:27     00.0     01.8    01.9   00.0     20.4    22:04     ESE
10    22.0    28.1   17:55    16.5   04:39     00.0     03.7    00.0   00.1     18.5    14:55     ESE
11    23.2    30.3   14:19    16.4   06:45     00.0     04.9    00.0   00.7     31.4    17:16     SSW
12    22.8    28.6   13:21    18.1   06:49     00.0     04.5    00.0   00.6     24.1    10:32      E 
13    21.1    28.0   14:34    15.6   06:43     00.0     02.8    04.3   00.3     25.9    18:27     ENE
14    19.0    24.8   16:20    16.0   06:24     00.0     00.7    02.1   00.1     20.4    18:10     ESE
15    20.8    26.7   14:00    15.6   03:40     00.0     02.5    00.2   00.3     22.2    18:50     ENE
16    21.5    27.4   16:20    17.1   06:00     00.0     03.2    00.0   00.4     25.9    17:10      E 
17    23.1    31.0   14:10    15.6   07:40     00.0     04.8    00.0   00.6     33.3    17:20      E 
18    23.1    28.5   17:20    18.1   07:10     00.0     04.8    00.0   00.0     20.4    19:50     ESE
19    23.0    30.6   15:20    16.7   07:30     00.0     04.7    00.0   00.5     38.9    16:20      S 
20    22.5    28.9   12:58    16.9   07:18     00.0     04.2    00.2   00.5     31.4    17:17      E 
----------------------------------------------------------------------------------------------------------------------------------------------------------
22.6 (23.2)   32.2  day 01     15.6  day 17   000.0    086.8   021.0   00.5     50.0   day 02     ESE
Max >=  30: 8
Min <=   30: 20
Max Rain: 5.8 ON 2-08-18
Days of Rain: 9 (> .2mm) 5 (> 2mm) 0 (> 20mm)