Report NOAA

NOAA Scegli:

                            MONTHLY CLIMATOLOGICAL SUMMARY for FEB. 2021

NAME: Meteo Levico Terme   CITY: Levico Terme STATE: Italy
ELEV: 1372 LAT: N 46:00.577 LONG: E011:18.871

                            TEMPERATURE ( °C), RAIN (mm), WIND SPEED (kmh)

                                               HEAT     COOL           AVG
      MEAN                                     DEG      DEG            WIND                       DOM
DAY   TEMP    HIGH   TIME     LOW    TIME      DAYS     DAYS    RAIN   SPEED    HIGH    TIME      DIR
----------------------------------------------------------------------------------------------------------------------------------------------------------
01    02.4    04.9   12:47    01.0   07:37     15.9     00.0    00.0   00.1     07.4    23:51     NNW
02    02.7    06.1   15:52    01.1   20:21     15.6     00.0    00.0   00.1     12.9    15:32      NW
03    02.4    04.2   16:18    01.3   06:53     15.9     00.0    00.0   00.1     14.8    13:38     WNW
04    03.4    07.7   13:10    01.1   08:54     14.9     00.0    00.0   00.2     09.3    17:48     NNE
05    03.6    09.6   16:19    01.2   00:00     14.7     00.0    00.0   00.0     07.4    14:12      NW
06    03.5    06.2   14:38    00.9   01:25     14.8     00.0    00.0   00.0     14.8    22:33     NNE
07    03.9    04.7   10:40    03.2   21:49     14.4     00.0    21.9   00.8     35.1    05:04      N 
08    03.4    03.6   00:38    03.0   02:55     14.9     00.0    03.5   00.0     00.0    00:00     WNW
09    04.7    10.3   13:57    02.3   08:12     13.6     00.0    00.0   00.1     14.8    14:41      W 
10    02.9    03.7   15:01    01.5   00:00     15.4     00.0    14.0   00.1     09.3    15:19      W 
11    03.1    10.4   15:24   -01.3   00:00     15.2     00.0    00.2   00.6     31.4    14:37      W 
12   -00.2    01.4   14:05   -01.4   00:00     18.5     00.0    00.0   00.5     16.6    20:03     ESE
13   -01.1    04.1   14:33   -04.3   00:00     19.4     00.0    00.0   01.2     16.6    13:07      E 
14   -02.4    06.1   15:13   -07.2   07:12     20.7     00.0    00.0   00.9     18.5    16:47      W 
15   -01.6    06.7   14:47   -06.5   07:08     19.9     00.0    00.0   00.4     12.9    18:47      W 
16    00.6    08.5   14:10   -04.4   07:22     17.7     00.0    00.0   00.9     12.9    19:10     WNW
17    03.1    14.2   15:25   -02.4   07:48     15.2     00.0    00.0   00.6     18.5    18:01      N 
18    03.7    11.5   14:59   -01.3   03:10     14.6     00.0    00.0   00.3     12.9    17:49     WNW
19    05.1    14.1   14:50    01.3   07:39     13.2     00.0    00.0   00.2     12.9    14:45      NE
20    06.3    14.9   14:41    02.2   00:00     12.0     00.0    00.0   00.0     11.1    18:48     ENE
21    06.3    11.8   14:12    02.2   00:12     12.0     00.0    00.0   00.4     24.1    14:49      NE
22    06.6    15.6   15:26    01.3   07:29     11.7     00.0    00.0   00.1     11.1    16:47      W 
23    07.5    17.7   14:38    01.4   07:45     10.8     00.0    00.0   00.1     12.9    02:57     WSW
24    08.0    19.7   15:22    01.1   07:20     10.3     00.0    00.0   00.0     07.4    12:40     WSW
25    08.3    18.7   15:57    01.8   07:46     10.0     00.0    00.0   00.0     09.3    03:00      W 
----------------------------------------------------------------------------------------------------------------------------------------------------------
03.5 (4.7)   19.7  day 24    -07.2  day 14   371.1    000.0   039.6   00.3     35.2   day 07     WNW
Min <=   30: 25
Min <=  -5: 2
Max Rain: 21.9 ON 7-02-21
Days of Rain: 4 (> .2mm) 3 (> 2mm) 1 (> 20mm)