Report NOAA

NOAA Scegli:

                            MONTHLY CLIMATOLOGICAL SUMMARY for AUG. 2019

NAME: Meteo Levico Terme   CITY: Levico Terme STATE: Italy
ELEV: 1372 LAT: N 46:00.577 LONG: E011:18.871

                            TEMPERATURE ( °C), RAIN (mm), WIND SPEED (kmh)

                                               HEAT     COOL           AVG
      MEAN                                     DEG      DEG            WIND                       DOM
DAY   TEMP    HIGH   TIME     LOW    TIME      DAYS     DAYS    RAIN   SPEED    HIGH    TIME      DIR
----------------------------------------------------------------------------------------------------------------------------------------------------------
01    22.4    29.5   17:24    14.9   06:14     00.0     04.1    00.0   01.1     25.9    17:33     ESE
02    19.5    26.2   13:56    14.5   00:00     00.0     01.2    16.9   00.8     27.8    17:05      SW
03    20.1    30.9   15:51    11.9   06:42     00.0     01.8    00.2   00.3     18.5    17:00      W 
04    21.6    30.9   14:59    13.4   06:33     00.0     03.3    00.0   01.1     31.4    17:37     SSW
05    23.3    31.9   15:14    17.4   06:52     00.0     05.0    00.0   00.4     24.1    15:58      SE
06    22.5    29.5   15:50    17.6   00:00     00.0     04.2    06.4   00.4     27.8    21:35     SSW
07    20.1    25.5   15:36    16.6   07:12     00.0     01.8    20.6   00.6     20.4    16:23     SSW
08    22.5    29.1   16:26    17.2   07:15     00.0     04.2    00.2   00.5     22.2    14:10      SE
09    24.5    32.4   15:07    17.6   06:24     00.0     06.2    00.0   00.1     18.5    18:40      SE
10    25.0    31.9   13:06    18.6   06:35     00.0     06.7    00.0   00.2     18.5    18:31      E 
11    24.7    30.4   15:22    19.4   06:41     00.0     06.4    00.0   02.0     27.8    16:57      E 
12    22.2    27.4   15:17    17.6   00:00     00.0     03.9    03.6   05.1     42.5    21:37      E 
13    21.5    28.7   12:44    15.5   06:38     00.0     03.2    00.2   00.5     22.2    22:24      SW
14    21.5    29.4   15:37    14.6   06:56     00.0     03.2    00.0   01.6     25.9    16:20     SSW
15    20.6    28.4   15:09    14.8   00:00     00.0     02.3    16.0   00.3     29.6    22:57      SE
16    18.9    28.5   16:00    12.6   06:40     00.0     00.6    00.4   00.6     25.9    18:10     ESE
17    20.2    28.6   14:14    13.5   04:28     00.0     01.9    00.0   00.1     16.6    12:39      W 
18    21.9    29.1   13:05    14.9   06:38     00.0     03.6    00.0   00.5     25.9    18:39     ESE
19    23.3    31.0   14:54    17.7   04:01     00.0     05.0    00.0   00.1     18.5    18:34     ESE
20    23.3    29.4   15:56    17.6   06:29     00.0     05.0    00.0   01.4     24.1    17:54      E 
----------------------------------------------------------------------------------------------------------------------------------------------------------
22.0 (22.7)   32.4  day 09     11.9  day 03   000.0    073.9   064.6   00.9     42.6   day 12     ESE
Max >=  30: 7
Min <=   30: 20
Max Rain: 20.6 ON 7-08-19
Days of Rain: 9 (> .2mm) 5 (> 2mm) 1 (> 20mm)