Report NOAA

NOAA Scegli:

                            MONTHLY CLIMATOLOGICAL SUMMARY for APR. 2018

NAME: Meteo Levico Terme   CITY: Levico Terme STATE: Italy
ELEV: 1372 LAT: N 46:00.577 LONG: E011:18.871

                            TEMPERATURE ( °C), RAIN (mm), WIND SPEED (kmh)

                                               HEAT     COOL           AVG
      MEAN                                     DEG      DEG            WIND                       DOM
DAY   TEMP    HIGH   TIME     LOW    TIME      DAYS     DAYS    RAIN   SPEED    HIGH    TIME      DIR
----------------------------------------------------------------------------------------------------------------------------------------------------------
01    08.7    18.1   15:14    02.0   02:27     09.6     00.0    00.2   00.7     35.1    17:31     WSW
02    09.0    19.0   15:34    00.5   07:48     09.3     00.0    00.0   00.8     27.8    16:39     WSW
03    09.5    12.4   16:53    05.7   07:39     08.8     00.0    05.0   01.6     31.4    16:09      E 
04    08.1    10.2   15:56    06.2   07:30     10.2     00.0    15.5   07.6     44.4    20:30     ESE
05    11.5    19.6   16:34    07.1   07:30     06.8     00.0    01.0   02.0     31.4    01:27     ESE
06    11.7    21.2   16:20    03.4   06:48     06.6     00.0    00.0   00.1     18.5    19:30      W 
07    12.3    20.5   15:43    05.9   06:19     06.0     00.0    00.0   00.2     24.1    18:36      W 
08    12.6    21.4   15:40    05.1   07:12     05.7     00.0    00.0   00.9     38.9    17:31      S 
09    10.4    16.5   15:07    07.1   06:49     07.9     00.0    01.7   03.2     55.5    16:14      E 
10    10.4    17.4   14:13    07.5   04:56     07.9     00.0    02.4   01.2     31.4    18:34     ESE
11    09.6    14.2   14:46    06.7   05:32     08.7     00.0    13.1   01.3     29.6    20:31      SE
12    08.5    10.7   18:10    07.4   08:00     09.8     00.0    43.3   00.0     18.5    19:49     WSW
13    10.0    15.9   14:36    05.5   06:49     08.3     00.0    13.6   00.2     25.9    14:11      W 
14    12.1    21.5   15:46    03.6   07:07     06.2     00.0    00.0   00.1     18.5    12:12      W 
15    11.3    18.3   14:38    06.9   06:50     07.0     00.0    05.5   00.0     12.9    08:43      W 
16    14.4    23.1   15:02    09.4   06:28     03.9     00.0    03.6   02.1     40.7    20:08      E 
17    15.8    23.7   13:15    08.4   07:15     02.5     00.0    00.0   00.0     14.8    17:36     ESE
18    16.7    27.2   15:06    07.9   07:11     01.6     00.0    00.0   00.8     31.4    18:40     WSW
19    17.0    25.6   16:33    08.4   07:19     01.3     00.0    00.0   00.5     27.8    18:58      SW
20    18.1    28.5   15:01    08.9   07:08     00.2     00.0    00.0   00.2     27.8    18:22     WNW
21    18.7    29.1   14:57    09.3   06:52     00.0     00.4    00.0   00.3     24.1    18:01      W 
22    18.8    28.5   14:46    10.5   06:53     00.0     00.5    00.0   00.5     25.9    17:35     WSW
23    18.0    25.6   15:54    10.0   06:50     00.3     00.0    00.0   00.0     18.5    18:55     WNW
24    18.0    25.8   15:12    10.9   06:38     00.3     00.0    00.0   00.6     29.6    16:24      SE
----------------------------------------------------------------------------------------------------------------------------------------------------------
13.0 (13.7)   29.1  day 21     00.5  day 02   129.0    000.9   105.0   01.0     55.5   day 09     SSE
Min <=   30: 24
Max Rain: 43.3 ON 12-04-18
Days of Rain: 11 (> .2mm) 8 (> 2mm) 1 (> 20mm)