Report NOAA

NOAA Scegli:

                            MONTHLY CLIMATOLOGICAL SUMMARY for OCT. 2019

NAME: Meteo Levico Terme   CITY: Levico Terme STATE: Italy
ELEV: 1372 LAT: N 46:00.577 LONG: E011:18.871

                            TEMPERATURE ( °C), RAIN (mm), WIND SPEED (kmh)

                                               HEAT     COOL           AVG
      MEAN                                     DEG      DEG            WIND                       DOM
DAY   TEMP    HIGH   TIME     LOW    TIME      DAYS     DAYS    RAIN   SPEED    HIGH    TIME      DIR
----------------------------------------------------------------------------------------------------------------------------------------------------------
01    17.4    22.9   15:36    14.2   23:57     00.9     00.0    00.0   00.8     20.4    15:20      E 
02    15.3    20.2   15:14    11.1   22:43     03.0     00.0    01.3   01.9     29.6    03:39      SE
03    14.0    21.1   14:07    07.2   00:00     04.3     00.0    00.9   03.4     31.4    14:58      W 
04    09.9    16.1   14:17    04.2   07:44     08.4     00.0    00.0   00.0     07.4    14:19      S 
05    12.1    21.4   15:18    05.9   07:45     06.2     00.0    00.0   00.6     18.5    16:27     WSW
06    10.9    15.5   14:33    05.9   08:04     07.4     00.0    00.0   01.7     29.6    00:00      E 
07    12.7    19.5   13:57    08.9   07:08     05.6     00.0    05.8   02.8     33.3    02:05     ENE
08    11.7    16.2   13:56    08.2   00:00     06.6     00.0    00.0   00.0     07.4    11:52      NW
09    09.9    12.7   15:16    07.0   06:14     08.4     00.0    01.3   04.0     35.1    15:09     ENE
10    12.8    20.0   14:49    08.3   23:47     05.5     00.0    00.0   00.1     12.9    12:34      W 
11    11.6    20.0   15:27    05.9   07:56     06.7     00.0    00.0   00.1     12.9    12:23      W 
12    11.4    18.1   14:57    05.5   07:55     06.9     00.0    00.0   00.0     11.1    12:46     WNW
13    13.0    19.7   15:26    08.3   08:29     05.3     00.0    00.0   00.0     09.3    15:43     WSW
14    13.3    19.5   14:26    08.2   07:57     05.0     00.0    00.0   00.9     22.2    18:24      E 
15    13.8    18.8   15:30    11.4   01:57     04.5     00.0    30.6   07.3     42.5    22:00      E 
----------------------------------------------------------------------------------------------------------------------------------------------------------
12.7 (13.4)   22.9  day 01     04.2  day 04   084.6    000.0   039.9   01.6     42.6   day 15     ENE
Min <=   30: 15
Max Rain: 30.6 ON 15-10-19
Days of Rain: 5 (> .2mm) 2 (> 2mm) 1 (> 20mm)