Report NOAA

NOAA Scegli:

                            MONTHLY CLIMATOLOGICAL SUMMARY for MAY. 2022

NAME: Meteo Levico Terme   CITY: Levico Terme STATE: Italy
ELEV: 1372 LAT: N 46:00.577 LONG: E011:18.871

                            TEMPERATURE ( °C), RAIN (mm), WIND SPEED (kmh)

                                               HEAT     COOL           AVG
      MEAN                                     DEG      DEG            WIND                       DOM
DAY   TEMP    HIGH   TIME     LOW    TIME      DAYS     DAYS    RAIN   SPEED    HIGH    TIME      DIR
----------------------------------------------------------------------------------------------------------------------------------------------------------
01    11.7    18.7   13:00    07.7   05:58     06.6     00.0    02.8   03.0     31.4    14:48     WSW
02    11.8    18.6   17:01    07.3   04:08     06.5     00.0    00.0   01.2     20.4    11:20      E 
03    13.1    20.2   13:37    06.4   06:31     05.2     00.0    00.0   01.3     25.9    18:29      NW
04    12.1    19.7   13:40    08.1   05:14     06.2     00.0    12.9   03.2     29.6    19:31      NE
05    12.2    17.1   15:42    07.5   06:26     06.1     00.0    00.5   04.3     31.4    16:58      E 
06    12.7    16.2   15:10    10.4   06:39     05.6     00.0    01.6   03.5     27.8    15:38      E 
07    13.4    16.8   14:52    11.0   06:57     04.9     00.0    00.2   01.6     25.9    14:52     ESE
08    13.7    17.3   17:25    11.4   06:47     04.6     00.0    00.5   00.0     05.5    19:45     SSW
09    15.1    22.0   15:41    10.1   06:46     03.2     00.0    00.0   00.5     27.8    16:13      SW
10    18.1    28.0   15:13    09.6   06:27     00.2     00.0    00.0   02.3     25.9    17:32     SSW
11    19.2    29.4   15:34    10.6   06:23     00.0     00.9    00.0   01.2     24.1    18:28     SSE
12    20.3    28.8   15:24    12.1   06:22     00.0     02.0    00.0   01.8     37.0    18:08      S 
13    20.1    29.9   15:25    13.8   06:25     00.0     01.8    06.2   02.2     44.4    19:56     ESE
14    17.2    24.0   13:20    12.6   05:37     01.1     00.0    02.1   06.6     46.3    18:17      E 
15    19.1    27.6   15:43    12.9   02:57     00.0     00.8    00.2   01.6     27.8    16:35     SSE
----------------------------------------------------------------------------------------------------------------------------------------------------------
15.3 (16.2)   29.9  day 13     06.4  day 03   050.3    005.5   027.0   02.3     46.3   day 14     ESE
Min <=   30: 15
Max Rain: 12.9 ON 4-05-22
Days of Rain: 9 (> .2mm) 4 (> 2mm) 0 (> 20mm)