Report NOAA

NOAA Scegli:

                            MONTHLY CLIMATOLOGICAL SUMMARY for SEP. 2017

NAME: Meteo Levico Terme   CITY: Levico Terme STATE: Italy
ELEV: 1372 LAT: N 46:00.577 LONG: E011:18.871

                            TEMPERATURE ( °C), RAIN (mm), WIND SPEED (kmh)

                                               HEAT     COOL           AVG
      MEAN                                     DEG      DEG            WIND                       DOM
DAY   TEMP    HIGH   TIME     LOW    TIME      DAYS     DAYS    RAIN   SPEED    HIGH    TIME      DIR
----------------------------------------------------------------------------------------------------------------------------------------------------------
01    19.2    23.7   14:28    13.2   00:00     00.0     00.9    01.7   02.0     31.4    15:48     ESE
02    12.5    17.8   11:36    10.0   23:02     05.8     00.0    31.4   00.3     37.0    13:40      W 
03    15.0    23.7   14:03    09.5   07:00     03.3     00.0    00.5   02.0     35.1    13:23     WNW
04    16.0    25.1   15:36    08.4   07:13     02.3     00.0    00.0   00.5     24.1    18:26      S 
05    18.5    27.0   15:22    11.7   07:19     00.0     00.2    00.0   00.3     18.5    18:48      W 
06    19.1    26.8   14:03    13.0   07:07     00.0     00.8    00.0   00.4     24.1    15:47     ESE
07    19.4    26.5   14:40    14.8   04:38     00.0     01.1    00.0   01.9     31.4    20:08     ESE
08    18.7    24.7   14:59    14.6   07:26     00.0     00.4    00.0   01.2     31.4    16:25      S 
09    16.4    21.1   15:37    12.9   05:24     01.9     00.0    12.3   03.0     35.1    19:50      E 
10    13.9    15.4   16:37    13.1   22:51     04.4     00.0    15.8   10.7     42.5    01:24      E 
11    15.2    18.9   14:36    13.2   04:21     03.1     00.0    05.0   00.8     11.1    15:12      SW
12    12.8    15.5   00:01    08.6   00:00     05.5     00.0    11.8   04.2     33.3    11:24     WSW
13    12.9    20.1   16:03    07.1   04:17     05.4     00.0    00.0   00.7     11.1    13:03     SSW
14    13.2    16.6   10:31    09.5   04:50     05.1     00.0    06.1   03.9     37.0    18:02      E 
15    11.8    16.0   16:22    05.8   07:38     06.5     00.0    02.8   01.6     29.6    15:33      E 
16    13.8    19.5   16:49    11.3   08:13     04.5     00.0    07.6   01.1     27.8    13:09      E 
17    11.7    19.0   14:56    08.6   23:55     06.6     00.0    07.3   00.6     25.9    16:26      W 
18    11.1    16.3   13:53    07.9   06:30     07.2     00.0    04.5   00.0     14.8    16:14     SSE
19    10.2    12.6   15:46    08.5   07:22     08.1     00.0    03.5   00.7     31.4    15:18     WNW
20    13.8    21.2   14:45    08.3   00:00     04.5     00.0    00.0   01.4     40.7    13:36      NW
----------------------------------------------------------------------------------------------------------------------------------------------------------
14.8 (15.4)   27.0  day 05     05.8  day 15   074.1    003.3   110.2   01.9     42.6   day 10     ESE
Min <=   30: 20
Max Rain: 31.4 ON 2-09-17
Days of Rain: 13 (> .2mm) 11 (> 2mm) 1 (> 20mm)