Report NOAA

NOAA Scegli:

                            MONTHLY CLIMATOLOGICAL SUMMARY for JUN. 2019

NAME: Meteo Levico Terme   CITY: Levico Terme STATE: Italy
ELEV: 1372 LAT: N 46:00.577 LONG: E011:18.871

                            TEMPERATURE ( °C), RAIN (mm), WIND SPEED (kmh)

                                               HEAT     COOL           AVG
      MEAN                                     DEG      DEG            WIND                       DOM
DAY   TEMP    HIGH   TIME     LOW    TIME      DAYS     DAYS    RAIN   SPEED    HIGH    TIME      DIR
----------------------------------------------------------------------------------------------------------------------------------------------------------
01    19.3    29.2   14:12    09.6   06:09     00.0     01.0    00.0   00.6     24.1    18:00     WSW
02    20.9    31.3   14:23    12.1   06:12     00.0     02.6    00.0   02.2     37.0    17:43     SSE
03    21.6    30.6   13:22    14.1   06:11     00.0     03.3    00.0   04.6     38.9    16:13      E 
04    21.0    29.6   13:32    14.7   06:43     00.0     02.7    02.9   01.7     40.7    14:41     ESE
05    20.4    29.9   13:20    14.0   05:46     00.0     02.1    01.1   02.3     31.4    17:40      E 
06    19.2    25.3   12:36    15.0   06:12     00.0     00.9    00.2   02.9     31.4    13:29      E 
07    19.5    26.9   15:13    11.5   06:10     00.0     01.2    00.0   01.7     42.5    16:58      SE
08    22.8    30.0   14:41    17.1   06:50     00.0     04.5    00.0   01.5     31.4    19:21      SE
09    21.1    28.1   12:55    13.1   06:16     00.0     02.8    00.0   00.2     18.5    14:08      SW
10    22.3    28.4   15:29    17.0   06:00     00.0     04.0    00.0   06.0     42.5    21:47      E 
11    23.9    28.9   15:08    18.7   07:02     00.0     05.6    00.0   11.4     48.1    13:50      E 
12    22.5    27.7   15:16    17.7   00:00     00.0     04.2    00.7   13.4     46.3    10:25      E 
13    22.0    30.0   14:16    14.6   06:22     00.0     03.7    00.0   02.9     31.4    19:24     ESE
14    21.9    30.5   17:15    11.9   06:29     00.0     03.6    00.0   02.5     31.4    17:49     ESE
15    23.8    30.1   15:11    16.5   06:42     00.0     05.5    00.7   03.3     33.3    19:50      E 
16    23.2    31.5   12:33    15.8   06:42     00.0     04.9    00.0   00.3     31.4    14:00     WSW
17    19.9    27.9   14:29    15.7   06:20     00.0     01.6    11.5   00.8     33.3    16:05     ENE
----------------------------------------------------------------------------------------------------------------------------------------------------------
21.5 (21.9)   31.5  day 16     09.6  day 01   000.0    054.3   017.0   03.4     48.1   day 11      E 
Max >=  30: 7
Min <=   30: 17
Max Rain: 11.5 ON 17-06-19
Days of Rain: 6 (> .2mm) 2 (> 2mm) 0 (> 20mm)