Report NOAA

NOAA Scegli:

                            MONTHLY CLIMATOLOGICAL SUMMARY for SEP. 2020

NAME: Meteo Levico Terme   CITY: Levico Terme STATE: Italy
ELEV: 1372 LAT: N 46:00.577 LONG: E011:18.871

                            TEMPERATURE ( °C), RAIN (mm), WIND SPEED (kmh)

                                               HEAT     COOL           AVG
      MEAN                                     DEG      DEG            WIND                       DOM
DAY   TEMP    HIGH   TIME     LOW    TIME      DAYS     DAYS    RAIN   SPEED    HIGH    TIME      DIR
----------------------------------------------------------------------------------------------------------------------------------------------------------
01    17.2    26.7   15:05    11.9   07:22     01.1     00.0    00.0   01.8     24.1    16:00     WNW
02    15.1    20.3   15:49    11.7   05:10     03.2     00.0    07.7   00.8     22.2    18:39      E 
03    17.2    25.8   14:52    10.8   07:08     01.1     00.0    00.0   00.1     18.5    18:26     WSW
04    17.8    25.5   14:51    11.0   07:04     00.5     00.0    00.0   00.2     16.6    17:14     WNW
05    19.9    26.7   13:49    13.0   07:28     00.0     01.6    00.0   00.1     12.9    15:48      N 
06    18.5    23.0   15:51    14.3   07:17     00.0     00.2    00.0   00.1     18.5    15:26      E 
07    16.2    18.6   18:29    14.5   23:39     02.1     00.0    04.9   00.1     14.8    04:10     SSW
08    18.2    25.5   15:09    12.0   07:05     00.1     00.0    00.0   00.0     12.9    14:03     SSW
09    19.7    27.9   14:58    13.0   07:51     00.0     01.4    00.0   00.1     16.6    17:18     WSW
10    18.2    22.9   16:15    14.3   07:04     00.1     00.0    00.4   00.0     11.1    15:58     ESE
11    19.6    26.9   15:32    13.7   07:18     00.0     01.3    00.0   00.2     24.1    17:08     WNW
12    20.6    27.2   15:10    14.6   07:46     00.0     02.3    00.0   00.3     18.5    17:38     ENE
13    21.0    27.8   15:39    15.3   07:34     00.0     02.7    00.0   00.4     18.5    16:35      SE
14    20.4    27.5   14:54    14.5   07:33     00.0     02.1    00.0   00.5     22.2    12:32     ENE
15    20.1    27.4   15:03    14.0   07:31     00.0     01.8    00.0   00.4     20.4    14:08     ENE
16    20.4    27.0   15:06    14.6   07:37     00.0     02.1    00.6   00.3     27.8    21:07      W 
17    19.2    29.7   14:46    13.4   06:35     00.0     00.9    00.0   02.3     51.8    16:58      E 
18    18.9    26.7   14:12    12.2   07:30     00.0     00.6    00.0   00.1     14.8    16:35     NNW
19    17.9    24.6   14:47    12.6   07:11     00.4     00.0    00.0   00.0     14.8    10:33      N 
----------------------------------------------------------------------------------------------------------------------------------------------------------
18.7 (19.4)   29.7  day 17     10.8  day 03   008.6    016.9   013.7   00.4     51.8   day 17      E 
Min <=   30: 19
Max Rain: 7.7 ON 2-09-20
Days of Rain: 4 (> .2mm) 2 (> 2mm) 0 (> 20mm)