Report NOAA

NOAA Scegli:

                            MONTHLY CLIMATOLOGICAL SUMMARY for DEC. 2019

NAME: Meteo Levico Terme   CITY: Levico Terme STATE: Italy
ELEV: 1372 LAT: N 46:00.577 LONG: E011:18.871

                            TEMPERATURE ( °C), RAIN (mm), WIND SPEED (kmh)

                                               HEAT     COOL           AVG
      MEAN                                     DEG      DEG            WIND                       DOM
DAY   TEMP    HIGH   TIME     LOW    TIME      DAYS     DAYS    RAIN   SPEED    HIGH    TIME      DIR
----------------------------------------------------------------------------------------------------------------------------------------------------------
01    03.1    04.2   15:19    00.9   00:26     15.2     00.0    08.9   00.0     05.5    22:44      W 
02    03.4    06.1   14:58    01.3   00:00     14.9     00.0    13.8   00.0     12.9    10:46      W 
03    00.8    08.3   14:24   -02.0   23:47     17.5     00.0    00.0   00.0     05.5    14:50      N 
04   -00.5    06.4   14:18   -02.7   08:09     18.8     00.0    00.2   00.0     05.5    20:12     WNW
05   -00.6    06.7   14:11   -03.1   08:15     18.9     00.0    00.2   00.0     05.5    04:06      NW
06   -01.1    05.8   14:12   -03.9   07:39     19.4     00.0    00.0   00.0     05.5    13:25     WNW
07    00.2    07.1   13:12   -02.4   03:11     18.1     00.0    00.2   00.0     05.5    12:56      NW
08   -00.3    05.6   12:43   -03.1   08:37     18.6     00.0    00.0   00.0     07.4    21:53     NNW
09    00.4    03.3   14:17   -01.6   00:06     17.9     00.0    00.0   00.0     05.5    21:25      NW
10    02.4    10.2   12:46   -01.9   00:00     15.9     00.0    00.2   03.2     44.4    13:18     WNW
----------------------------------------------------------------------------------------------------------------------------------------------------------
00.8 (2.3)   10.2  day 10    -03.9  day 06   175.2    000.0   023.9   00.3     44.4   day 10     WNW
Min <=   30: 10
Max Rain: 13.8 ON 2-12-19
Days of Rain: 6 (> .2mm) 2 (> 2mm) 0 (> 20mm)