Report NOAA

NOAA Scegli:

                            MONTHLY CLIMATOLOGICAL SUMMARY for MAY. 2017

NAME: Meteo Levico Terme   CITY: Levico Terme STATE: Italy
ELEV: 1372 LAT: N 46:00.577 LONG: E011:18.871

                            TEMPERATURE ( °C), RAIN (mm), WIND SPEED (kmh)

                                               HEAT     COOL           AVG
      MEAN                                     DEG      DEG            WIND                       DOM
DAY   TEMP    HIGH   TIME     LOW    TIME      DAYS     DAYS    RAIN   SPEED    HIGH    TIME      DIR
----------------------------------------------------------------------------------------------------------------------------------------------------------
01    08.6    14.5   13:10    04.9   22:40     09.7     00.0    12.7   06.5     33.3    13:28      E 
02    10.7    17.9   13:53    03.1   06:18     07.6     00.0    00.0   05.2     31.4    16:17     SSE
03    09.9    13.5   15:07    07.5   06:44     08.4     00.0    09.6   05.1     31.4    11:25      E 
04    08.9    12.0   18:05    06.4   06:14     09.4     00.0    04.2   06.1     31.4    13:15      E 
05    14.3    23.4   14:23    07.0   07:10     04.0     00.0    00.0   04.5     31.4    19:00     WSW
06    10.2    13.9   14:50    06.9   06:02     08.1     00.0    16.6   01.8     18.5    18:51     ESE
07    12.4    17.5   15:48    08.3   02:44     05.9     00.0    00.3   04.0     22.2    18:16      W 
08    12.9    18.5   12:53    08.3   03:45     05.4     00.0    00.5   02.1     18.5    18:57     ENE
09    13.8    21.3   14:03    08.9   06:02     04.5     00.0    00.3   05.3     29.6    17:22     ESE
10    13.5    20.9   15:05    09.2   06:41     04.8     00.0    00.3   10.2     31.4    19:12      E 
11    13.2    18.5   14:26    08.5   04:46     05.1     00.0    01.8   10.0     37.0    19:36      E 
12    15.1    22.3   16:01    11.5   06:32     03.2     00.0    08.1   04.8     31.4    01:32      E 
13    16.8    24.3   15:07    11.7   06:07     01.5     00.0    02.3   08.1     40.7    18:03      E 
14    16.7    27.1   14:18    10.3   06:30     01.6     00.0    14.8   03.5     33.3    15:38     SSW
15    15.3    21.1   18:15    11.6   05:12     03.0     00.0    04.4   05.0     37.0    18:32      E 
16    17.6    27.7   15:45    09.4   05:25     00.7     00.0    00.3   02.3     18.5    18:58      SW
17    18.9    27.0   15:29    10.9   06:11     00.0     00.6    00.0   04.9     29.6    18:37      SE
18    19.0    23.3   17:14    16.0   07:14     00.0     00.7    00.0   04.6     24.1    17:12     ESE
19    15.6    21.5   14:28    09.9   23:35     02.7     00.0    04.4   07.1     37.0    15:55      E 
20    13.2    18.9   14:26    09.8   04:47     05.1     00.0    00.0   03.6     38.9    16:40      E 
21    18.0    27.5   17:09    08.9   06:25     00.3     00.0    00.0   00.9     33.3    20:06     WSW
22    19.0    28.5   15:20    10.8   06:20     00.0     00.7    00.0   01.0     29.6    17:18      SE
23    20.2    29.4   17:23    12.0   05:45     00.0     01.9    00.0   03.6     22.2    15:36     WSW
24    20.3    30.0   15:02    13.2   05:19     00.0     02.0    00.0   02.2     31.4    16:09      W 
25    19.4    27.7   13:21    12.4   06:34     00.0     01.1    00.0   03.2     33.3    14:35     ESE
26    19.5    26.5   14:23    13.1   06:13     00.0     01.2    00.0   02.1     25.9    16:51      SE
27    20.8    29.0   14:42    13.1   03:38     00.0     02.5    00.0   01.2     29.6    17:23     SSW
28    22.4    31.4   15:08    14.2   06:20     00.0     04.1    00.0   00.7     31.4    17:41      SW
----------------------------------------------------------------------------------------------------------------------------------------------------------
15.6 (16.3)   31.4  day 28     03.1  day 02   090.8    014.8   080.8   04.3     40.7   day 20     ESE
Max >=  30: 1
Min <=   30: 28
Max Rain: 16.6 ON 6-05-17
Days of Rain: 15 (> .2mm) 9 (> 2mm) 0 (> 20mm)