Report NOAA

NOAA Scegli:

                            MONTHLY CLIMATOLOGICAL SUMMARY for JUL. 2021

NAME: Meteo Levico Terme   CITY: Levico Terme STATE: Italy
ELEV: 1372 LAT: N 46:00.577 LONG: E011:18.871

                            TEMPERATURE ( °C), RAIN (mm), WIND SPEED (kmh)

                                               HEAT     COOL           AVG
      MEAN                                     DEG      DEG            WIND                       DOM
DAY   TEMP    HIGH   TIME     LOW    TIME      DAYS     DAYS    RAIN   SPEED    HIGH    TIME      DIR
----------------------------------------------------------------------------------------------------------------------------------------------------------
01    19.7    29.1   14:32    12.1   06:47     00.0     01.4    00.0   00.2     22.2    14:00      W 
02    22.8    31.0   13:47    16.9   07:14     00.0     04.5    00.0   00.4     27.8    21:06      S 
03    22.0    31.1   14:06    16.5   06:16     00.0     03.7    00.5   00.6     24.1    18:39     ESE
04    19.5    25.0   12:06    16.1   00:00     00.0     01.2    15.8   00.2     24.1    13:40      SE
05    20.3    26.6   16:45    13.6   06:12     00.0     02.0    00.2   00.1     18.5    18:28     WSW
06    22.7    30.1   17:02    14.5   06:16     00.0     04.4    00.0   00.3     25.9    19:58      S 
07    24.3    31.7   13:47    17.0   00:00     00.0     06.0    22.3   00.7     53.6    22:11      E 
08    18.9    25.8   14:30    16.0   00:00     00.0     00.6    17.7   01.2     46.3    16:31     ESE
09    21.3    29.2   14:30    15.1   07:36     00.0     03.0    00.0   00.2     25.9    14:50     WSW
10    21.6    28.0   17:28    14.8   06:25     00.0     03.3    00.0   00.1     31.4    17:25     SSW
11    22.7    29.6   14:18    17.2   05:38     00.0     04.4    00.0   00.1     22.2    14:43      W 
12    23.0    29.8   14:28    15.7   06:22     00.0     04.7    00.0   00.1     20.4    16:04     ESE
13    19.5    25.5   10:36    15.1   23:39     00.0     01.2    84.8   02.5     44.4    15:06      E 
14    15.8    19.7   12:38    13.0   00:00     02.5     00.0    04.4   00.3     25.9    16:44      SW
15    16.7    22.7   14:20    12.3   04:55     01.6     00.0    01.4   00.4     25.9    16:09      SE
16    17.8    23.3   15:15    13.7   06:58     00.5     00.0    01.6   01.3     29.6    17:01      SW
17    19.0    24.1   16:34    14.7   06:42     00.0     00.7    00.0   00.7     18.5    17:22      N 
18    20.2    26.1   13:16    15.7   05:28     00.0     01.9    00.0   01.3     29.6    14:41      E 
19    24.0    32.0   13:37    17.1   04:06     00.0     05.7    00.0   00.8     27.8    19:35     WSW
20    23.3    31.3   13:52    16.9   06:36     00.0     05.0    00.0   00.1     16.6    15:45      W 
21    24.3    32.2   14:34    18.6   06:28     00.0     06.0    00.0   00.2     18.5    18:39      SE
22    22.2    28.7   14:32    17.4   23:51     00.0     03.9    15.1   03.4     53.6    18:15      E 
23    21.9    28.2   17:30    16.1   06:09     00.0     03.6    00.0   00.1     11.1    16:52      SE
24    23.9    29.0   14:41    19.0   06:45     00.0     05.6    00.0   00.1     24.1    18:05     ESE
25    22.2    29.0   14:00    17.9   00:00     00.0     03.9    07.8   02.3     33.3    15:40      E 
26    20.1    24.9   12:27    16.7   05:42     00.0     01.8    26.9   02.2     31.4    22:50      SE
27    18.7    23.7   14:46    16.0   06:09     00.0     00.4    08.2   05.4     53.6    16:46     ENE
28    19.9    27.0   14:25    16.0   03:42     00.0     01.6    07.1   00.2     22.2    17:20      E 
29    21.7    28.5   16:42    15.6   03:44     00.0     03.4    00.0   00.0     20.4    15:28      S 
30    22.7    30.0   16:19    16.1   06:30     00.0     04.4    00.0   01.2     25.9    22:27     ENE
31    22.4    28.1   15:48    17.6   06:58     00.0     04.1    08.5   04.1     40.7    23:55      E 
----------------------------------------------------------------------------------------------------------------------------------------------------------
21.1 (21.8)   32.2  day 21     12.1  day 01   004.5    092.4   229.5   01.0     53.7   day 22     ESE
Max >=  30: 8
Min <=   30: 31
Max Rain: 84.8 ON 13-07-21
Days of Rain: 15 (> .2mm) 11 (> 2mm) 3 (> 20mm)