Report NOAA

NOAA Scegli:

                            MONTHLY CLIMATOLOGICAL SUMMARY for OCT. 2021

NAME: Meteo Levico Terme   CITY: Levico Terme STATE: Italy
ELEV: 1372 LAT: N 46:00.577 LONG: E011:18.871

                            TEMPERATURE ( °C), RAIN (mm), WIND SPEED (kmh)

                                               HEAT     COOL           AVG
      MEAN                                     DEG      DEG            WIND                       DOM
DAY   TEMP    HIGH   TIME     LOW    TIME      DAYS     DAYS    RAIN   SPEED    HIGH    TIME      DIR
----------------------------------------------------------------------------------------------------------------------------------------------------------
01    17.8    17.8   00:00    17.8   00:00     00.5     00.0    00.0   00.0     00.0    00:00      N 
02    17.8    17.8   00:00    17.8   00:00     00.5     00.0    00.0   00.0     00.0    00:00      N 
04    17.8    17.8   00:00    17.8   00:00     00.5     00.0    05.0   00.2     27.8    23:15      N 
05    17.8    17.8   00:00    17.8   00:00     00.5     00.0    40.0   00.8     31.4    13:20     ENE
06    17.8    17.8   00:00    17.8   00:00     00.5     00.0    14.0   02.0     38.9    10:47      E 
07    17.8    17.8   00:00    17.8   00:00     00.5     00.0    00.0   00.4     24.1    14:01      NE
08    17.8    17.8   00:00    17.8   00:00     00.5     00.0    00.4   00.9     25.9    14:36     ENE
09    17.8    17.8   00:00    17.8   00:00     00.5     00.0    00.0   00.5     24.1    16:18      E 
10    17.8    17.8   00:00    17.8   00:00     00.5     00.0    00.0   00.1     11.1    18:32     ENE
11    17.8    17.8   00:00    17.8   00:00     00.5     00.0    00.0   00.0     18.5    03:30      W 
12    17.8    17.8   00:00    17.8   00:00     00.5     00.0    00.0   00.3     14.8    17:33     NNW
13    17.8    17.8   00:00    17.8   00:00     00.5     00.0    00.0   00.7     25.9    16:37      W 
14    17.8    17.8   00:00    17.8   00:00     00.5     00.0    00.0   00.3     12.9    13:41     NNE
15    17.8    17.8   00:00    17.8   00:00     00.5     00.0    00.0   00.1     09.3    16:07     WNW
16    17.8    17.8   00:00    17.8   00:00     00.5     00.0    00.0   00.1     11.1    17:37      W 
17    17.8    17.8   00:00    17.8   00:00     00.5     00.0    00.0   00.0     09.3    17:39     WSW
18    17.8    17.8   00:00    17.8   00:00     00.5     00.0    00.0   00.1     14.8    15:21      NW
19    16.0    18.0   18:04    07.9   00:00     02.3     00.0    00.0   00.0     05.5    01:06      NW
----------------------------------------------------------------------------------------------------------------------------------------------------------
17.7 (17.5)   18.0  day 19     07.9  day 20   011.0    000.0   064.4   00.4     38.9   day 06     N
Min <=   30: 18
Max Rain: 40.0 ON 5-10-21
Days of Rain: 4 (> .2mm) 3 (> 2mm) 1 (> 20mm)