Report NOAA

NOAA Scegli:

                            MONTHLY CLIMATOLOGICAL SUMMARY for FEB. 2019

NAME: Meteo Levico Terme   CITY: Levico Terme STATE: Italy
ELEV: 1372 LAT: N 46:00.577 LONG: E011:18.871

                            TEMPERATURE ( °C), RAIN (mm), WIND SPEED (kmh)

                                               HEAT     COOL           AVG
      MEAN                                     DEG      DEG            WIND                       DOM
DAY   TEMP    HIGH   TIME     LOW    TIME      DAYS     DAYS    RAIN   SPEED    HIGH    TIME      DIR
----------------------------------------------------------------------------------------------------------------------------------------------------------
01    00.2    01.6   19:35   -00.4   07:54     18.1     00.0    35.1   01.0     24.1    23:25      E 
02    01.7    03.6   13:27    00.5   05:22     16.6     00.0    32.8   00.1     12.9    12:12     WSW
03    01.2    02.4   16:06   -00.0   08:39     17.1     00.0    21.2   00.0     14.8    14:25      NE
04    01.8    08.6   14:07   -02.1   23:55     16.5     00.0    00.0   00.3     14.8    15:57      W 
05   -00.2    07.3   14:04   -04.3   07:09     18.5     00.0    00.0   00.2     09.3    11:54     WSW
06    00.6    09.5   15:21   -04.2   07:40     17.7     00.0    00.0   00.2     09.3    14:18      W 
07    01.3    07.6   14:24   -03.6   08:28     17.0     00.0    00.0   00.2     07.4    23:59      W 
08    03.1    09.6   15:07   -00.1   07:40     15.2     00.0    00.0   00.1     12.9    15:43      N 
09    02.6    10.7   14:26   -01.9   07:52     15.7     00.0    00.0   00.2     14.8    15:10     WNW
10    02.3    03.9   11:43    00.8   04:26     16.0     00.0    05.0   04.5     37.0    19:36     ENE
11    04.9    10.6   14:46    00.3   07:29     13.4     00.0    01.3   08.4     50.0    20:03      W 
12    07.6    14.1   15:32    00.9   00:00     10.7     00.0    00.0   09.0     68.5    11:59     WSW
13    02.7    11.4   15:01   -02.4   07:32     15.6     00.0    00.0   00.1     18.5    14:19      W 
14    03.3    12.9   14:04   -01.5   07:19     15.0     00.0    00.0   00.1     16.6    14:59     WNW
15    04.1    13.2   15:41   -01.9   07:37     14.2     00.0    00.0   00.7     25.9    15:15      NW
16    04.8    15.4   15:24   -01.2   07:37     13.5     00.0    00.0   00.0     07.4    14:49      W 
17    05.1    16.6   15:10   -01.4   06:56     13.2     00.0    00.0   00.0     09.3    14:17      W 
18    04.9    15.5   14:22   -01.5   08:08     13.4     00.0    00.0   00.0     05.5    14:56     WSW
19    04.5    14.0   13:44   -01.6   07:57     13.8     00.0    00.0   00.0     11.1    13:30      W 
20    04.6    14.1   15:06   -01.4   07:44     13.7     00.0    00.0   00.0     05.5    11:43     NNE
21    05.9    17.0   15:23   -00.5   07:20     12.4     00.0    00.0   00.0     16.6    15:56      W 
22    09.6    19.3   14:30    01.5   07:38     08.7     00.0    00.0   05.5     48.1    21:56      N 
----------------------------------------------------------------------------------------------------------------------------------------------------------
03.5 (4.8)   19.3  day 22    -04.3  day 05   325.9    000.0   095.3   01.4     68.5   day 12      W 
Min <=   30: 22
Max Rain: 35.1 ON 1-02-19
Days of Rain: 5 (> .2mm) 4 (> 2mm) 3 (> 20mm)