Report NOAA

NOAA Scegli:

                            MONTHLY CLIMATOLOGICAL SUMMARY for APR. 2019

NAME: Meteo Levico Terme   CITY: Levico Terme STATE: Italy
ELEV: 1372 LAT: N 46:00.577 LONG: E011:18.871

                            TEMPERATURE ( °C), RAIN (mm), WIND SPEED (kmh)

                                               HEAT     COOL           AVG
      MEAN                                     DEG      DEG            WIND                       DOM
DAY   TEMP    HIGH   TIME     LOW    TIME      DAYS     DAYS    RAIN   SPEED    HIGH    TIME      DIR
----------------------------------------------------------------------------------------------------------------------------------------------------------
01    12.7    22.4   15:37    03.9   07:43     05.6     00.0    00.0   01.2     33.3    18:20      SE
02    13.0    20.3   16:24    06.1   07:42     05.3     00.0    00.5   01.8     31.4    22:29     SSE
03    09.5    13.2   15:23    06.0   00:00     08.8     00.0    17.2   09.1     44.4    22:10      E 
04    07.0    10.4   14:11    04.2   00:00     11.3     00.0    68.0   09.4     64.8    14:19      E 
05    07.0    11.9   14:51    02.2   03:33     11.3     00.0    22.4   00.2     18.5    15:49      E 
06    09.6    12.5   16:43    07.5   07:04     08.7     00.0    00.0   00.7     20.4    16:02     ENE
07    09.4    14.3   14:47    05.2   07:22     08.9     00.0    00.2   00.2     18.5    16:05     ESE
08    08.3    11.2   17:03    05.0   07:16     10.0     00.0    02.9   00.0     05.5    14:49     WSW
09    08.5    09.4   16:14    07.6   07:07     09.8     00.0    14.2   00.0     07.4    14:50     WSW
10    09.5    13.1   16:57    07.5   07:40     08.8     00.0    14.0   01.3     35.1    22:20     ESE
11    08.8    11.4   14:49    07.6   06:11     09.5     00.0    10.8   00.0     11.1    13:36      E 
12    09.9    15.5   14:01    07.8   06:15     08.4     00.0    03.2   00.8     29.6    15:50      E 
13    08.0    09.7   17:03    06.8   08:33     10.3     00.0    02.7   03.8     29.6    15:47      E 
14    07.0    09.0   15:26    05.5   06:58     11.3     00.0    01.8   02.4     29.6    04:05      E 
15    09.9    18.4   13:46    04.1   07:34     08.4     00.0    00.9   00.2     22.2    14:08     WSW
16    10.5    19.1   13:32    03.7   07:17     07.8     00.0    00.0   00.3     22.2    14:17      S 
17    12.8    22.5   13:58    04.7   07:18     05.5     00.0    00.0   01.7     33.3    16:53     SSW
18    13.6    20.5   14:55    08.2   03:34     04.7     00.0    00.0   02.6     37.0    17:33      E 
----------------------------------------------------------------------------------------------------------------------------------------------------------
09.7 (10.2)   22.5  day 17     02.2  day 05   154.5    000.0   162.4   02.0     64.8   day 04      E 
Min <=   30: 18
Max Rain: 68.0 ON 4-04-19
Days of Rain: 13 (> .2mm) 9 (> 2mm) 2 (> 20mm)