Report NOAA

NOAA Scegli:

                            MONTHLY CLIMATOLOGICAL SUMMARY for JAN. 2020

NAME: Meteo Levico Terme   CITY: Levico Terme STATE: Italy
ELEV: 1372 LAT: N 46:00.577 LONG: E011:18.871

                            TEMPERATURE ( °C), RAIN (mm), WIND SPEED (kmh)

                                               HEAT     COOL           AVG
      MEAN                                     DEG      DEG            WIND                       DOM
DAY   TEMP    HIGH   TIME     LOW    TIME      DAYS     DAYS    RAIN   SPEED    HIGH    TIME      DIR
----------------------------------------------------------------------------------------------------------------------------------------------------------
01    00.6    07.2   13:53   -02.1   08:47     17.7     00.0    00.0   00.0     05.5    23:26     NNE
02    00.2    07.5   14:20   -02.7   06:57     18.1     00.0    00.0   00.0     09.3    23:05     WNW
03    01.0    05.7   13:33   -01.8   01:57     17.3     00.0    00.0   00.0     07.4    13:25     WNW
04    01.6    07.6   15:10   -02.9   08:13     16.7     00.0    00.4   00.2     25.9    22:20      W 
05    04.9    12.9   14:21   -00.8   00:00     13.4     00.0    00.0   00.8     20.4    14:57      SW
06   -00.5    07.1   14:31   -03.4   08:27     18.8     00.0    00.0   00.0     05.5    14:49     NNE
07   -01.2    05.8   14:17   -04.3   07:45     19.5     00.0    00.0   00.1     12.9    10:19      NW
08    00.8    07.8   13:26   -02.9   09:00     17.5     00.0    00.0   00.0     09.3    13:06     WNW
09    01.8    10.1   13:26   -01.5   00:00     16.5     00.0    00.0   00.0     05.5    12:24     WNW
10   -00.2    07.6   14:04   -03.5   07:50     18.5     00.0    00.0   00.0     11.1    14:33     NNW
11   -00.1    08.3   14:45   -03.5   08:06     18.4     00.0    00.0   00.0     07.4    13:57     NNW
12   -00.4    08.0   14:40   -04.1   08:20     18.7     00.0    00.0   00.1     07.4    13:53     WNW
13   -01.2    05.6   14:36   -04.3   08:28     19.5     00.0    00.0   00.0     05.5    21:26      NW
14   -01.8    05.2   13:33   -05.1   08:03     20.1     00.0    00.0   00.1     07.4    11:26     NNW
15   -01.3    05.2   14:23   -04.5   08:11     19.6     00.0    00.0   00.0     05.5    21:40     NNE
16   -00.5    06.6   16:00   -03.9   08:10     18.8     00.0    00.0   00.0     05.5    12:50      N 
17    00.3    08.8   14:42   -03.6   08:42     18.0     00.0    00.0   00.0     05.5    20:51     WNW
18    01.7    04.0   15:15   -00.8   00:10     16.6     00.0    02.7   00.0     05.5    21:49     NNE
----------------------------------------------------------------------------------------------------------------------------------------------------------
00.3 (2.1)   12.9  day 05    -05.1  day 14   323.5    000.0   003.1   00.1     25.9   day 05      NW
Min <=   30: 18
Min <=  -5: 1
Max Rain: 2.7 ON 18-01-20
Days of Rain: 2 (> .2mm) 1 (> 2mm) 0 (> 20mm)