Report NOAA

NOAA Scegli:

                            MONTHLY CLIMATOLOGICAL SUMMARY for SEP. 2022

NAME: Meteo Levico Terme   CITY: Levico Terme STATE: Italy
ELEV: 1372 LAT: N 46:00.577 LONG: E011:18.871

                            TEMPERATURE ( °C), RAIN (mm), WIND SPEED (kmh)

                                               HEAT     COOL           AVG
      MEAN                                     DEG      DEG            WIND                       DOM
DAY   TEMP    HIGH   TIME     LOW    TIME      DAYS     DAYS    RAIN   SPEED    HIGH    TIME      DIR
----------------------------------------------------------------------------------------------------------------------------------------------------------
01    20.8    25.2   13:57    16.8   23:36     00.0     02.5    00.5   06.0     25.9    15:43      E 
02    18.9    25.3   14:02    15.0   07:37     00.0     00.6    04.1   03.7     24.1    18:53      E 
03    19.3    23.6   15:59    15.2   06:17     00.0     01.0    00.0   00.4     18.5    01:48      E 
04    20.7    27.1   17:42    15.2   07:34     00.0     02.4    00.0   00.1     12.9    18:27      SW
05    20.6    26.7   15:00    14.8   06:57     00.0     02.3    00.0   00.1     12.9    13:52      E 
06    22.2    29.2   13:51    16.0   07:40     00.0     03.9    00.0   00.9     18.5    22:49      SE
07    21.3    25.2   15:37    18.2   07:41     00.0     03.0    04.8   00.9     22.2    23:59      E 
08    20.5    25.3   14:54    18.0   09:16     00.0     02.2    19.1   01.9     29.6    03:53      E 
09    18.2    22.9   16:10    15.2   07:03     00.1     00.0    00.9   00.8     31.4    12:22     WSW
10    17.3    23.7   15:10    12.1   07:38     01.0     00.0    02.8   02.9     31.4    17:13      E 
11    18.5    27.3   15:23    13.2   08:09     00.0     00.2    00.2   01.0     18.5    17:54      SW
12    17.9    26.0   15:23    11.1   07:34     00.4     00.0    00.0   00.4     16.6    12:40     WSW
13    19.6    26.7   14:50    14.0   07:09     00.0     01.3    00.0   00.7     20.4    18:31      E 
14    20.1    24.5   16:28    16.5   05:53     00.0     01.8    00.0   01.7     22.2    16:59      E 
15    20.8    30.1   15:02    15.8   00:00     00.0     02.5    01.1   01.1     50.0    19:23      NE
16    18.7    26.3   13:01    14.2   04:14     00.0     00.4    00.2   01.5     25.9    16:11     ESE
17    14.3    21.2   15:44    08.7   00:00     04.0     00.0    16.8   05.2     31.4    16:23     WSW
18    12.9    23.5   15:26    05.2   07:18     05.4     00.0    00.0   02.0     18.5    17:06     WSW
19    14.3    24.2   14:46    07.6   07:06     04.0     00.0    00.0   02.7     29.6    13:36      W 
20    12.6    22.1   15:02    04.8   07:38     05.7     00.0    00.0   02.0     16.6    15:10     WSW
21    13.8    22.6   15:14    08.3   07:31     04.5     00.0    00.0   03.7     33.3    18:26     SSW
22    13.9    22.1   14:55    08.1   05:37     04.4     00.0    00.0   02.4     25.9    17:58      S 
23    14.8    22.3   15:34    09.7   00:39     03.5     00.0    00.0   02.5     22.2    17:22      SW
24    12.9    14.5   12:17    11.5   07:44     05.4     00.0    00.2   03.3     22.2    12:44      E 
25    14.0    18.2   11:17    10.8   07:40     04.3     00.0    01.8   00.3     14.8    17:14      SE
26    14.5    20.0   14:51    09.0   08:00     03.8     00.0    00.9   01.0     20.4    23:48      S 
----------------------------------------------------------------------------------------------------------------------------------------------------------
17.4 (18.3)   30.1  day 15     04.8  day 20   046.6    024.1   054.7   01.9     50.0   day 15      SE
Max >=  30: 1
Min <=   30: 26
Max Rain: 19.1 ON 8-09-22
Days of Rain: 13 (> .2mm) 5 (> 2mm) 0 (> 20mm)