Report NOAA

NOAA Scegli:

                            MONTHLY CLIMATOLOGICAL SUMMARY for JUL. 2017

NAME: Meteo Levico Terme   CITY: Levico Terme STATE: Italy
ELEV: 1372 LAT: N 46:00.577 LONG: E011:18.871

                            TEMPERATURE ( °C), RAIN (mm), WIND SPEED (kmh)

                                               HEAT     COOL           AVG
      MEAN                                     DEG      DEG            WIND                       DOM
DAY   TEMP    HIGH   TIME     LOW    TIME      DAYS     DAYS    RAIN   SPEED    HIGH    TIME      DIR
----------------------------------------------------------------------------------------------------------------------------------------------------------
01    17.2    24.7   14:28    10.3   05:38     01.1     00.0    00.0   01.2     31.4    20:36      E 
02    17.4    23.6   18:04    11.1   06:07     00.9     00.0    00.0   00.2     24.1    18:13      E 
03    21.3    30.7   15:36    12.7   06:08     00.0     03.0    00.0   01.0     29.6    18:09      SW
04    23.1    30.1   15:02    17.8   06:32     00.0     04.8    00.0   00.7     31.4    16:48      SE
05    24.1    32.0   15:35    17.5   06:42     00.0     05.8    00.0   00.6     25.9    16:52      S 
06    24.5    32.0   14:33    17.1   06:29     00.0     06.2    00.0   01.5     31.4    17:35     ESE
07    25.2    34.5   15:16    17.6   06:19     00.0     06.9    00.0   02.9     44.4    20:55      E 
08    25.5    35.1   15:10    17.5   06:18     00.0     07.2    11.3   02.0     40.7    23:15      S 
09    23.1    29.9   14:00    16.5   06:41     00.0     04.8    02.1   02.9     27.8    19:16      S 
10    23.9    29.4   14:06    19.0   06:42     00.0     05.6    03.5   04.0     33.3    23:56      SE
11    22.1    28.3   15:29    16.4   06:37     00.0     03.8    00.5   03.8     27.8    18:47     WSW
12    22.7    31.1   15:30    14.7   06:27     00.0     04.4    00.0   03.2     25.9    16:06      S 
13    24.0    31.5   15:39    16.5   06:22     00.0     05.7    00.0   04.9     33.3    16:55     ESE
14    21.4    26.5   14:20    16.8   00:00     00.0     03.1    13.5   03.4     31.4    17:19      E 
15    21.6    29.4   15:02    15.0   06:20     00.0     03.3    00.0   01.2     31.4    19:31      W 
16    20.2    28.5   14:30    11.9   06:22     00.0     01.9    00.0   01.1     31.4    16:50     SSW
17    21.3    30.3   15:23    12.5   06:20     00.0     03.0    00.0   00.5     24.1    19:04     SSW
18    23.4    32.7   15:32    15.0   06:26     00.0     05.1    00.0   01.5     33.3    18:14     SSW
19    23.7    31.9   15:38    15.5   06:24     00.0     05.4    00.0   00.9     29.6    18:03      SW
20    23.7    30.4   17:28    17.2   06:02     00.0     05.4    00.0   00.1     18.5    16:55      SE
21    23.3    30.1   15:02    16.2   06:25     00.0     05.0    00.5   00.6     31.4    17:55     SSW
22    24.6    31.4   15:34    18.4   06:52     00.0     06.3    00.0   00.3     31.4    19:03      SW
----------------------------------------------------------------------------------------------------------------------------------------------------------
22.6 (22.9)   35.1  day 08     10.3  day 01   002.0    096.7   031.7   01.7     44.4   day 07     SSE
Max >=  30: 14
Min <=   30: 22
Max Rain: 13.5 ON 14-07-17
Days of Rain: 6 (> .2mm) 4 (> 2mm) 0 (> 20mm)